.
4289
Calculate the remainder when 65409 is divided by 703.
30
What is the remainder when 1384184 is divided by 7955?
14
What is the remainder when 29096569 is divided by 17?
15
Calculate the remainder when 28476 is divided by 360.
36
What is the remainder when 2125114 is divided by 2125110?
4
What is the remainder when 2214240 is divided by 505?
320
Calculate the remainder when 7510546 is divided by 80.
66
Calculate the remainder when 652249 is divided by 19762.
103
What is the remainder when 4337171 is divided by 54?
53
Calculate the remainder when 339945 is divided by 1899.
24
Calculate the remainder when 8176131 is divided by 56.
19
Calculate the remainder when 204782 is divided by 4548.
122
Calculate the remainder when 64585 is divided by 326.
37
Calculate the remainder when 4629996 is divided by 525.
21
What is the remainder when 2530373 is divided by 32860?
153
What is the remainder when 635813 is divided by 485?
463
What is the remainder when 40593 is divided by 949?
735
What is the remainder when 152307 is divided by 9430?
1427
What is the remainder when 188852 is divided by 137?
66
What is the remainder when 1078698 is divided by 34?
14
What is the remainder when 110870435 is divided by 813?
812
What is the remainder when 17035672 is divided by 2807?
2796
Calculate the remainder when 1603841 is divided by 5224.
73
What is the remainder when 9355543 is divided by 82?
81
What is the remainder when 2766938 is divided by 4172?
902
What is the remainder when 10271 is divided by 10266?
5
Calculate the remainder when 40279134 is divided by 13426367.
33
What is the remainder when 16756402 is divided by 1767?
1708
Calculate the remainder when 14832848 is divided by 1348440.
8
Calculate the remainder when 52638 is divided by 399.
369
What is the remainder when 6446129 is divided by 2942?
207
Calculate the remainder when 10153 is divided by 735.
598
What is the remainder when 3683242 is divided by 23165?
7
What is the remainder when 1105597 is divided by 221095?
122
Calculate the remainder when 464925 is divided by 3923.
2011
What is the remainder when 319730 is divided by 13900?
30
Calculate the remainder when 15275 is divided by 15234.
41
Calculate the remainder when 39413451 is divided by 137329.
28
What is the remainder when 772982 is divided by 64412?
38
What is the remainder when 35837 is divided by 5038?
571
What is the remainder when 21366639 is divided by 125686?
19
Calculate the remainder when 51919558 is divided by 105.
103
What is the remainder when 1317892 is divided by 5653?
743
Calculate the remainder when 252898 is divided by 54.
16
What is the remainder when 259493515 is divided by 26?
21
Calculate the remainder when 201571 is divided by 43.
30
Calculate the remainder when 56604 is divided by 28190.
224
Calculate the remainder when 5537571 is divided by 1450.
21
What is the remainder when 32340590 is divided by 1283?
9
Calculate the remainder when 38500719 is divided by 482.
5
What is the remainder when 19050 is divided by 2364?
138
What is the remainder when 856618 is divided by 61?
56
What is the remainder when 173454392 is divided by 165?
122
Calculate the remainder when 101645 is divided by 1153.
181
Calculate the remainder when 113388 is divided by 70.
58
What is the remainder when 935603 is divided by 911?
6
Calculate the remainder when 10190577 is divided by 2547633.
45
Calculate the remainder when 873254 is divided by 761.
387
Calculate the remainder when 11643137 is divided by 86.
27
What is the remainder when 2177132 is divided by 254?
98
Calculate the remainder when 37307050 is divided by 12435648.
106
Calculate the remainder when 265257 is divided by 2732.
253
Calculate the remainder when 185085 is divided by 784.
61
Calculate the remainder when 13383 is divided by 524.
283
What is the remainder when 188778 is divided by 199?
126
Calculate the remainder when 58348640 is divided by 31404.
8
Calculate the remainder when 2247734 is divided by 454.
434
Calculate the remainder when 1884560 is divided by 211.
119
Calculate the remainder when 689438 is divided by 848.
14
What is the remainder when 11587363 is divided by 178266?
73
Calculate the remainder when 644904 is divided by 1938.
1488
Calculate the remainder when 17687421 is divided by 146177.
4
What is the remainder when 169133 is divided by 4569?
80
Calculate the remainder when 19678363 is divided by 631.
628
What is the remainder when 1015194 is divided by 176?
26
What is the remainder when 206889 is divided by 126?
123
Calculate the remainder when 5895080 is divided by 393005.
5
Calculate the remainder when 3268799 is divided by 83.
10
Calculate the remainder when 1340935751 is divided by 3224.
3223
What is the remainder when 9004 is divided by 2997?
13
What is the remainder when 150985 is divided by 19?
11
Calculate the remainder when 298587 is divided by 939.
924
What is the remainder when 1303467 is divided by 651475?
517
What is the remainder when 211591 is divided by 35249?
97
Calculate the remainder when 656612 is divided by 2723.
369
Calculate the remainder when 164219 is divided by 164208.
11
Calculate the remainder when 2395116 is divided by 260.
256
Calculate the remainder when 496981 is divided by 255.
241
Calculate the remainder when 31939775 is divided by 1501.
1497
What is the remainder when 77330 is divided by 10824?
1562
What is the remainder when 394579951 is divided by 13?
12
Calculate the remainder when 359049 is divided by 22440.
9
Calculate the remainder when 717782 is divided by 42150.
1232
What is the remainder when 38990074 is divided by 309445?
4
Calculate the remainder when 32680 is divided by 10723.
511
Calculate the remainder when 229623 is divided by 11480.
23
What is the remainder when 111462 is divided by 4286?
26
Calculate the remainder when 367689 is divided by 8754.
21
What is the remainder when 275004 is divided by 91633?
105
Calculate the remainder when 6024344 is divided by 547665.
29
What is the remainder when 12300842 is divided by 2283?
38
Calculate the remainder when 54524 is divided by 11.
8
What is the remainder when 410664 is divided by 24154?
46
What is the remainder when 97841 is divided by 134?
21
Calculate the remainder when 2335115 is divided by 7558.
7251
What is the remainder when 2822890 is divided by 4842?
4
What is the remainder when 7439519 is divided by 4256?
31
Calculate the remainder when 2002731 is divided by 250.
231
What is the remainder when 19859949 is divided by 1103330?
9
What is the remainder when 67435 is divided by 33665?
105
What is the remainder when 975365 is divided by 139330?
55
What is the remainder when 53850 is divided by 6605?
1010
Calculate the remainder when 5980 is divided by 5803.
177
Calculate the remainder when 9357353 is divided by 267351.
68
What is the remainder when 12750 is divided by 6181?
388
Calculate the remainder when 3140428 is divided by 785037.
280
What is the remainder when 264340 is divided by 66066?
76
What is the remainder when 27031 is divided by 1698?
1561
What is the remainder when 7730693 is divided by 39?
35
Calculate the remainder when 3703615 is divided by 252.
223
What is the remainder when 43122965 is divided by 1086?
77
What is the remainder when 3445601 is divided by 861320?
321
Calculate the remainder when 14432 is divided by 1700.
832
Calculate the remainder when 1316357 is divided by 25.
7
What is the remainder when 433535 is divided by 108381?
11
Calculate the remainder when 76426 is divided by 38059.
308
Calculate the remainder when 30257 is divided by 4837.
1235
What is the remainder when 6115381 is divided by 1528823?
89
What is the remainder when 97360740 is divided by 7?
1
Calculate the remainder when 20614 is divided by 4480.
2694
Calculate the remainder when 18528558 is divided by 5649.
5487
Calculate the remainder when 29365 is divided by 14447.
471
What is the remainder when 4886 is divided by 623?
525
What is the remainder when 43333025 is divided by 259?
253
What is the remainder when 199703 is divided by 15347?
192
Calculate the remainder when 77074 is divided by 322.
116
Calculate the remainder when 176783 is divided by 71.
64
What is the remainder when 5948429 is divided by 991397?
47
Calculate the remainder when 3099691 is divide